{"id":7,"date":"2024-04-02T20:17:15","date_gmt":"2024-04-02T18:17:15","guid":{"rendered":"http:\/\/www.commeunvolcan.fr\/?page_id=7"},"modified":"2025-04-15T19:59:43","modified_gmt":"2025-04-15T17:59:43","slug":"pas-de-titre","status":"publish","type":"page","link":"https:\/\/www.commeunvolcan.fr\/index.php\/pas-de-titre\/","title":{"rendered":"Le Collectif"},"content":{"rendered":"<p>[et_pb_section fb_built=\u00a0\u00bb1&Prime; fullwidth=\u00a0\u00bbon\u00a0\u00bb _builder_version=\u00a0\u00bb4.25.0&Prime; _module_preset=\u00a0\u00bbdefault\u00a0\u00bb hover_enabled=\u00a0\u00bb0&Prime; global_colors_info=\u00a0\u00bb{}\u00a0\u00bb sticky_enabled=\u00a0\u00bb0&Prime;][et_pb_fullwidth_image src=\u00a0\u00bbhttps:\/\/www.commeunvolcan.fr\/wp-content\/uploads\/2024\/04\/portraits.jpg\u00a0\u00bb title_text=\u00a0\u00bbportraits\u00a0\u00bb _builder_version=\u00a0\u00bb4.25.0&Prime; _module_preset=\u00a0\u00bbdefault\u00a0\u00bb custom_margin=\u00a0\u00bb0px||0px||false|false\u00a0\u00bb custom_padding=\u00a0\u00bb0px||0px||false|false\u00a0\u00bb hover_enabled=\u00a0\u00bb0&Prime; global_colors_info=\u00a0\u00bb{}\u00a0\u00bb sticky_enabled=\u00a0\u00bb0&Prime;][\/et_pb_fullwidth_image][\/et_pb_section][et_pb_section fb_built=\u00a0\u00bb1&Prime; _builder_version=\u00a0\u00bb4.25.0&Prime; _module_preset=\u00a0\u00bbdefault\u00a0\u00bb background_color=\u00a0\u00bb#FFFFFF\u00a0\u00bb custom_margin=\u00a0\u00bb40px||40px||false|false\u00a0\u00bb custom_padding=\u00a0\u00bb40px||40px||false|false\u00a0\u00bb global_colors_info=\u00a0\u00bb{}\u00a0\u00bb][et_pb_row column_structure=\u00a0\u00bb1_2,1_2&Prime; _builder_version=\u00a0\u00bb4.25.0&Prime; _module_preset=\u00a0\u00bbdefault\u00a0\u00bb custom_margin=\u00a0\u00bb0px||0px||false|false\u00a0\u00bb custom_padding=\u00a0\u00bb0px||0px||false|false\u00a0\u00bb locked=\u00a0\u00bboff\u00a0\u00bb global_colors_info=\u00a0\u00bb{}\u00a0\u00bb][et_pb_column type=\u00a0\u00bb1_2&Prime; _builder_version=\u00a0\u00bb4.25.0&Prime; _module_preset=\u00a0\u00bbdefault\u00a0\u00bb global_colors_info=\u00a0\u00bb{}\u00a0\u00bb][et_pb_heading title=\u00a0\u00bbUne aventure collective\u00a0\u00bb _builder_version=\u00a0\u00bb4.25.0&Prime; _module_preset=\u00a0\u00bbdefault\u00a0\u00bb title_font=\u00a0\u00bb|||on|||||\u00a0\u00bb title_text_align=\u00a0\u00bbleft\u00a0\u00bb title_text_color=\u00a0\u00bb#ef4f00&Prime; title_font_size=\u00a0\u00bb37px\u00a0\u00bb custom_margin=\u00a0\u00bb0px||0px||false|false\u00a0\u00bb custom_padding=\u00a0\u00bb0px||10px||false|false\u00a0\u00bb global_colors_info=\u00a0\u00bb{}\u00a0\u00bb][\/et_pb_heading][et_pb_heading title=\u00a0\u00bbAnim\u00e9e par une passion commune !\u00a0\u00bb _builder_version=\u00a0\u00bb4.25.0&Prime; _module_preset=\u00a0\u00bbdefault\u00a0\u00bb title_level=\u00a0\u00bbh2&Prime; title_text_color=\u00a0\u00bb#8e150c\u00a0\u00bb title_font_size=\u00a0\u00bb26px\u00a0\u00bb custom_margin=\u00a0\u00bb||6px|||\u00a0\u00bb global_colors_info=\u00a0\u00bb{}\u00a0\u00bb][\/et_pb_heading][et_pb_text _builder_version=\u00a0\u00bb4.25.0&Prime; _module_preset=\u00a0\u00bbdefault\u00a0\u00bb text_line_height=\u00a0\u00bb1.9em\u00a0\u00bb custom_padding=\u00a0\u00bb||0px|||\u00a0\u00bb global_colors_info=\u00a0\u00bb{}\u00a0\u00bb]<\/p>\n<p><span style=\"font-weight: 400;\">Notre collectif compos\u00e9 de trois c\u00e9ramistes <\/span><span style=\"font-weight: 400;\">\u00a0<\/span><span style=\"font-weight: 400;\">est n\u00e9 d\u2019un projet qui a commenc\u00e9 \u00e0 germer lors de notre rencontre en 2019.\u00a0<\/span><\/p>\n<p><span style=\"font-weight: 400;\">Chacune de nous souhaitait alors donner un nouveau souffle \u00e0 son activit\u00e9 de c\u00e9ramiste, en y apportant une dimension collective. Avec des parcours diff\u00e9rents, des savoirs faire compl\u00e9mentaires, nous nous retrouvons dans la volont\u00e9 de cr\u00e9er un espace de travail au c\u0153ur du village.<\/span><\/p>\n<p><span style=\"font-weight: 400;\">La municipalit\u00e9, qui suivait notre projet de pr\u00e8s, nous propose d\u2019investir un local communal sur la place du Cl\u00f4t. De dossiers en dossiers la commune obtient les financements n\u00e9cessaires pour faire les travaux.<\/span> <span style=\"font-weight: 400;\">Nos besoins sp\u00e9cifiques sont pris en compte, car nous souhaitons que cet espace soit :<\/span><\/p>\n<ul>\n<li style=\"font-weight: 400;\" aria-level=\"1\"><span style=\"font-weight: 400;\">un lieu de cr\u00e9ation et de recherches<\/span><\/li>\n<li style=\"font-weight: 400;\" aria-level=\"1\"><span style=\"font-weight: 400;\">un lieu de fabrication<\/span><\/li>\n<li style=\"font-weight: 400;\" aria-level=\"1\"><span style=\"font-weight: 400;\">un lieu d\u2019expo vente<\/span><\/li>\n<li style=\"font-weight: 400;\" aria-level=\"1\"><span style=\"font-weight: 400;\">un lieu d\u2019apprentissage et de formation par le biais des cours et stages<\/span><\/li>\n<li style=\"font-weight: 400;\" aria-level=\"1\"><span style=\"font-weight: 400;\">un lieu d\u2019accueil ouvert sur le village<\/span><\/li>\n<\/ul>\n<p><span style=\"font-weight: 400;\">Apr\u00e8s quelques mois de travaux, nous installons notre mat\u00e9riel professionnel : tours, cro\u00fbteuse, s\u00e9choirs, fours et outils prennent place dans l\u2019atelier.<\/span><\/p>\n<p><span style=\"font-weight: 400;\">En juin 2024 nous inaugurons cet espace avec la municipalit\u00e9 qui nous a soutenue dans ce projet, et les habitants du village venus nombreux.\u00a0<\/span><\/p>\n<p><span style=\"font-weight: 400;\">Nous remercions chaleureusement tous ceux qui ont contribu\u00e9 \u00e0 cette r\u00e9ussite !<\/span><\/p>\n<p>[\/et_pb_text][\/et_pb_column][et_pb_column type=\u00a0\u00bb1_2&Prime; _builder_version=\u00a0\u00bb4.25.0&Prime; _module_preset=\u00a0\u00bbdefault\u00a0\u00bb global_colors_info=\u00a0\u00bb{}\u00a0\u00bb][et_pb_image src=\u00a0\u00bbhttps:\/\/www.commeunvolcan.fr\/wp-content\/uploads\/2025\/02\/collectif-potuere-ardeche.jpg\u00a0\u00bb alt=\u00a0\u00bbAtelier boutique poterie Saint-Pierreville\u00a0\u00bb title_text=\u00a0\u00bbcollectif-potuere-ardeche\u00a0\u00bb _builder_version=\u00a0\u00bb4.25.0&Prime; _module_preset=\u00a0\u00bbdefault\u00a0\u00bb global_colors_info=\u00a0\u00bb{}\u00a0\u00bb][\/et_pb_image][\/et_pb_column][\/et_pb_row][\/et_pb_section][et_pb_section fb_built=\u00a0\u00bb1&Prime; fullwidth=\u00a0\u00bbon\u00a0\u00bb _builder_version=\u00a0\u00bb4.25.0&Prime; _module_preset=\u00a0\u00bbdefault\u00a0\u00bb background_color=\u00a0\u00bb#FFFFFF\u00a0\u00bb custom_margin=\u00a0\u00bb0px||0px||false|false\u00a0\u00bb custom_padding=\u00a0\u00bb0px||40px||false|false\u00a0\u00bb hover_enabled=\u00a0\u00bb0&Prime; global_colors_info=\u00a0\u00bb{}\u00a0\u00bb sticky_enabled=\u00a0\u00bb0&Prime;][et_pb_fullwidth_image src=\u00a0\u00bbhttps:\/\/www.commeunvolcan.fr\/wp-content\/uploads\/2025\/04\/inauguration-comme-volcan-saint-pierreville.jpg\u00a0\u00bb alt=\u00a0\u00bbInauguration atelier-boutique Comme un Volcan\u00a0\u00bb title_text=\u00a0\u00bbinauguration-comme-volcan-saint-pierreville\u00a0\u00bb _builder_version=\u00a0\u00bb4.25.0&Prime; _module_preset=\u00a0\u00bbdefault\u00a0\u00bb background_color=\u00a0\u00bb#FFFFFF\u00a0\u00bb custom_margin=\u00a0\u00bb0px||0px||false|false\u00a0\u00bb custom_padding=\u00a0\u00bb0px||0px||false|false\u00a0\u00bb global_colors_info=\u00a0\u00bb{}\u00a0\u00bb][\/et_pb_fullwidth_image][\/et_pb_section]<\/p>\n","protected":false},"excerpt":{"rendered":"<p>Notre collectif compos\u00e9 de trois c\u00e9ramistes \u00a0est n\u00e9 d\u2019un projet qui a commenc\u00e9 \u00e0 germer lors de notre rencontre en 2019.\u00a0 Chacune de nous souhaitait alors donner un nouveau souffle \u00e0 son activit\u00e9 de c\u00e9ramiste, en y apportant une dimension collective. Avec des parcours diff\u00e9rents, des savoirs faire compl\u00e9mentaires, nous nous retrouvons dans la volont\u00e9 [&hellip;]<\/p>\n","protected":false},"author":1,"featured_media":0,"parent":0,"menu_order":0,"comment_status":"closed","ping_status":"closed","template":"","meta":{"_et_pb_use_builder":"on","_et_pb_old_content":"<!-- wp:fl-builder\/layout -->\n\n<!-- \/wp:fl-builder\/layout -->","_et_gb_content_width":"","_themeisle_gutenberg_block_has_review":false,"footnotes":""},"class_list":["post-7","page","type-page","status-publish","hentry"],"_links":{"self":[{"href":"https:\/\/www.commeunvolcan.fr\/index.php\/wp-json\/wp\/v2\/pages\/7","targetHints":{"allow":["GET"]}}],"collection":[{"href":"https:\/\/www.commeunvolcan.fr\/index.php\/wp-json\/wp\/v2\/pages"}],"about":[{"href":"https:\/\/www.commeunvolcan.fr\/index.php\/wp-json\/wp\/v2\/types\/page"}],"author":[{"embeddable":true,"href":"https:\/\/www.commeunvolcan.fr\/index.php\/wp-json\/wp\/v2\/users\/1"}],"replies":[{"embeddable":true,"href":"https:\/\/www.commeunvolcan.fr\/index.php\/wp-json\/wp\/v2\/comments?post=7"}],"version-history":[{"count":11,"href":"https:\/\/www.commeunvolcan.fr\/index.php\/wp-json\/wp\/v2\/pages\/7\/revisions"}],"predecessor-version":[{"id":840,"href":"https:\/\/www.commeunvolcan.fr\/index.php\/wp-json\/wp\/v2\/pages\/7\/revisions\/840"}],"wp:attachment":[{"href":"https:\/\/www.commeunvolcan.fr\/index.php\/wp-json\/wp\/v2\/media?parent=7"}],"curies":[{"name":"wp","href":"https:\/\/api.w.org\/{rel}","templated":true}]}}

<p>[et_pb_section fb_built= »1&Prime; fullwidth= »on » _builder_version= »4.25.0&Prime; _module_preset= »default » hover_enabled= »0&Prime; global_colors_info= »{} » sticky_enabled= »0&Prime;][et_pb_fullwidth_image src= »https://www.commeunvolcan.fr/wp-content/uploads/2024/04/portraits.jpg » title_text= »portraits » _builder_version= »4.25.0&Prime; _module_preset= »default » custom_margin= »0px||0px||false|false » custom_padding= »0px||0px||false|false » hover_enabled= »0&Prime; global_colors_info= »{} » sticky_enabled= »0&Prime;][/et_pb_fullwidth_image][/et_pb_section][et_pb_section fb_built= »1&Prime; _builder_version= »4.25.0&Prime; _module_preset= »default » background_color= »#FFFFFF » custom_margin= »40px||40px||false|false » custom_padding= »40px||40px||false|false » global_colors_info= »{} »][et_pb_row column_structure= »1_2,1_2&Prime; _builder_version= »4.25.0&Prime; _module_preset= »default » custom_margin= »0px||0px||false|false » custom_padding= »0px||0px||false|false » locked= »off » global_colors_info= »{} »][et_pb_column type= »1_2&Prime; _builder_version= »4.25.0&Prime; _module_preset= »default » global_colors_info= »{} »][et_pb_heading title= »Une aventure collective » _builder_version= »4.25.0&Prime; _module_preset= »default » title_font= »|||on||||| » title_text_align= »left » title_text_color= »#ef4f00&Prime; title_font_size= »37px » custom_margin= »0px||0px||false|false » custom_padding= »0px||10px||false|false » global_colors_info= »{} »][/et_pb_heading][et_pb_heading title= »Animée par une passion commune ! » _builder_version= »4.25.0&Prime; _module_preset= »default » title_level= »h2&Prime; title_text_color= »#8e150c » title_font_size= »26px » custom_margin= »||6px||| » global_colors_info= »{} »][/et_pb_heading][et_pb_text _builder_version= »4.25.0&Prime; _module_preset= »default » text_line_height= »1.9em » custom_padding= »||0px||| » global_colors_info= »{} »]</p>
<p><span style="font-weight: 400;">Notre collectif composé de trois céramistes </span><span style="font-weight: 400;"> </span><span style="font-weight: 400;">est né d’un projet qui a commencé à germer lors de notre rencontre en 2019. </span></p>
<p><span style="font-weight: 400;">Chacune de nous souhaitait alors donner un nouveau souffle à son activité de céramiste, en y apportant une dimension collective. Avec des parcours différents, des savoirs faire complémentaires, nous nous retrouvons dans la volonté de créer un espace de travail au cœur du village.</span></p>
<p><span style="font-weight: 400;">La municipalité, qui suivait notre projet de près, nous propose d’investir un local communal sur la place du Clôt. De dossiers en dossiers la commune obtient les financements nécessaires pour faire les travaux.</span> <span style="font-weight: 400;">Nos besoins spécifiques sont pris en compte, car nous souhaitons que cet espace soit :</span></p>
<ul>
<li style="font-weight: 400;" aria-level="1"><span style="font-weight: 400;">un lieu de création et de recherches</span></li>
<li style="font-weight: 400;" aria-level="1"><span style="font-weight: 400;">un lieu de fabrication</span></li>
<li style="font-weight: 400;" aria-level="1"><span style="font-weight: 400;">un lieu d’expo vente</span></li>
<li style="font-weight: 400;" aria-level="1"><span style="font-weight: 400;">un lieu d’apprentissage et de formation par le biais des cours et stages</span></li>
<li style="font-weight: 400;" aria-level="1"><span style="font-weight: 400;">un lieu d’accueil ouvert sur le village</span></li>
</ul>
<p><span style="font-weight: 400;">Après quelques mois de travaux, nous installons notre matériel professionnel : tours, croûteuse, séchoirs, fours et outils prennent place dans l’atelier.</span></p>
<p><span style="font-weight: 400;">En juin 2024 nous inaugurons cet espace avec la municipalité qui nous a soutenue dans ce projet, et les habitants du village venus nombreux. </span></p>
<p><span style="font-weight: 400;">Nous remercions chaleureusement tous ceux qui ont contribué à cette réussite !</span></p>
<p>[/et_pb_text][/et_pb_column][et_pb_column type= »1_2&Prime; _builder_version= »4.25.0&Prime; _module_preset= »default » global_colors_info= »{} »][et_pb_image src= »https://www.commeunvolcan.fr/wp-content/uploads/2025/02/collectif-potuere-ardeche.jpg » alt= »Atelier boutique poterie Saint-Pierreville » title_text= »collectif-potuere-ardeche » _builder_version= »4.25.0&Prime; _module_preset= »default » global_colors_info= »{} »][/et_pb_image][/et_pb_column][/et_pb_row][/et_pb_section][et_pb_section fb_built= »1&Prime; fullwidth= »on » _builder_version= »4.25.0&Prime; _module_preset= »default » background_color= »#FFFFFF » custom_margin= »0px||0px||false|false » custom_padding= »0px||40px||false|false » hover_enabled= »0&Prime; global_colors_info= »{} » sticky_enabled= »0&Prime;][et_pb_fullwidth_image src= »https://www.commeunvolcan.fr/wp-content/uploads/2025/04/inauguration-comme-volcan-saint-pierreville.jpg » alt= »Inauguration atelier-boutique Comme un Volcan » title_text= »inauguration-comme-volcan-saint-pierreville » _builder_version= »4.25.0&Prime; _module_preset= »default » background_color= »#FFFFFF » custom_margin= »0px||0px||false|false » custom_padding= »0px||0px||false|false » global_colors_info= »{} »][/et_pb_fullwidth_image][/et_pb_section]</p>

<p>Notre collectif composé de trois céramistes  est né d’un projet qui a commencé à germer lors de notre rencontre en 2019.  Chacune de nous souhaitait alors donner un nouveau souffle à son activité de céramiste, en y apportant une dimension collective. Avec des parcours différents, des savoirs faire complémentaires, nous nous retrouvons dans la volonté [&hellip;]</p>
