{"id":645,"date":"2025-02-23T15:54:32","date_gmt":"2025-02-23T14:54:32","guid":{"rendered":"https:\/\/www.commeunvolcan.fr\/?page_id=645"},"modified":"2026-01-10T11:02:06","modified_gmt":"2026-01-10T10:02:06","slug":"645-2","status":"publish","type":"page","link":"https:\/\/www.commeunvolcan.fr\/index.php\/645-2\/","title":{"rendered":"La boutique"},"content":{"rendered":"<p>[et_pb_section fb_built=\u00a0\u00bb1&Prime; fullwidth=\u00a0\u00bbon\u00a0\u00bb _builder_version=\u00a0\u00bb4.25.0&Prime; _module_preset=\u00a0\u00bbdefault\u00a0\u00bb custom_margin=\u00a0\u00bb0px||0px||false|false\u00a0\u00bb custom_padding=\u00a0\u00bb0px||0px||false|false\u00a0\u00bb global_colors_info=\u00a0\u00bb{}\u00a0\u00bb][et_pb_fullwidth_image src=\u00a0\u00bbhttps:\/\/www.commeunvolcan.fr\/wp-content\/uploads\/2025\/04\/volcan-ceramique-poterie-ardeche-stage-boutique-atelier-48.jpg\u00a0\u00bb alt=\u00a0\u00bbBoutique poterie c\u00e9ramique Ard\u00e8che\u00a0\u00bb title_text=\u00a0\u00bbvolcan-ceramique-poterie-ardeche-stage-boutique-atelier-48&Prime; _builder_version=\u00a0\u00bb4.25.0&Prime; _module_preset=\u00a0\u00bbdefault\u00a0\u00bb global_colors_info=\u00a0\u00bb{}\u00a0\u00bb][\/et_pb_fullwidth_image][\/et_pb_section][et_pb_section fb_built=\u00a0\u00bb1&Prime; _builder_version=\u00a0\u00bb4.25.0&Prime; _module_preset=\u00a0\u00bbdefault\u00a0\u00bb background_color=\u00a0\u00bb#FFFFFF\u00a0\u00bb custom_margin=\u00a0\u00bb40px||40px||false|false\u00a0\u00bb custom_padding=\u00a0\u00bb40px||40px||false|false\u00a0\u00bb top_divider_height=\u00a0\u00bb36px\u00a0\u00bb top_divider_repeat=\u00a0\u00bb1x\u00a0\u00bb global_colors_info=\u00a0\u00bb{}\u00a0\u00bb][et_pb_row column_structure=\u00a0\u00bb1_2,1_2&Prime; _builder_version=\u00a0\u00bb4.25.0&Prime; _module_preset=\u00a0\u00bbdefault\u00a0\u00bb custom_margin=\u00a0\u00bb0px||0px||false|false\u00a0\u00bb custom_padding=\u00a0\u00bb0px||0px||false|false\u00a0\u00bb global_colors_info=\u00a0\u00bb{}\u00a0\u00bb][et_pb_column type=\u00a0\u00bb1_2&Prime; _builder_version=\u00a0\u00bb4.25.0&Prime; _module_preset=\u00a0\u00bbdefault\u00a0\u00bb global_colors_info=\u00a0\u00bb{}\u00a0\u00bb][et_pb_heading title=\u00a0\u00bbLa Boutique\u00a0\u00bb _builder_version=\u00a0\u00bb4.25.0&Prime; _module_preset=\u00a0\u00bbdefault\u00a0\u00bb title_level=\u00a0\u00bbh3&Prime; title_font=\u00a0\u00bb|||on|||||\u00a0\u00bb title_text_align=\u00a0\u00bbleft\u00a0\u00bb title_text_color=\u00a0\u00bb#ef4f00&Prime; title_font_size=\u00a0\u00bb43px\u00a0\u00bb custom_margin=\u00a0\u00bb0px||0px||false|false\u00a0\u00bb custom_padding=\u00a0\u00bb0px||10px||false|false\u00a0\u00bb global_colors_info=\u00a0\u00bb{}\u00a0\u00bb][\/et_pb_heading][et_pb_heading title=\u00a0\u00bbDes tr\u00e9sors \u00e0 d\u00e9couvrir !\u00a0\u00bb _builder_version=\u00a0\u00bb4.25.0&Prime; _module_preset=\u00a0\u00bbdefault\u00a0\u00bb title_text_color=\u00a0\u00bb#8e150c\u00a0\u00bb custom_margin=\u00a0\u00bb||6px|||\u00a0\u00bb global_colors_info=\u00a0\u00bb{}\u00a0\u00bb][\/et_pb_heading][et_pb_text _builder_version=\u00a0\u00bb4.25.0&Prime; _module_preset=\u00a0\u00bbdefault\u00a0\u00bb text_line_height=\u00a0\u00bb1.9em\u00a0\u00bb custom_padding=\u00a0\u00bb||0px|||\u00a0\u00bb global_colors_info=\u00a0\u00bb{}\u00a0\u00bb]<\/p>\n<p><span style=\"font-weight: 400;\">Notre boutique est un lieu ouvert sur la place du village et participe \u00e0 sa dynamique.<\/span><\/p>\n<p><span style=\"font-weight: 400;\">En poussant la porte, vous d\u00e9couvrirez une belle diversit\u00e9 de c\u00e9ramiques de par le choix des argiles, la fa\u00e7on de la travailler,\u00a0 les parcours et les inspirations vari\u00e9s de chacune de nous.<\/span><\/p>\n<p><span style=\"font-weight: 400;\">Le point commun \u00e9tant la pratique des cuissons \u00e0 haute temp\u00e9rature, nous vous proposons des c\u00e9ramiques en\u00a0 gr\u00e8s ou en porcelaine, utilitaires ou d\u00e9coratives, pour l\u2019habitat et les jardins.<\/span><\/p>\n<p><span style=\"font-weight: 400;\">Le mobilier d\u2019exposition en bois <\/span><span style=\"font-weight: 400;\">et les \u00e9clairages mettent <\/span><span style=\"font-weight: 400;\">en valeur nos collections aux identit\u00e9s singuli\u00e8res. Depuis la baie vitr\u00e9e qui s\u00e9pare la boutique de l\u2019atelier, l\u2019espace de fabrication est visible, ce qui vous permet d\u2019avoir un aper\u00e7u des pi\u00e8ces en cours de fabrication.<\/span><\/p>\n<p>[\/et_pb_text][\/et_pb_column][et_pb_column type=\u00a0\u00bb1_2&Prime; _builder_version=\u00a0\u00bb4.25.0&Prime; _module_preset=\u00a0\u00bbdefault\u00a0\u00bb global_colors_info=\u00a0\u00bb{}\u00a0\u00bb][et_pb_image src=\u00a0\u00bbhttps:\/\/www.commeunvolcan.fr\/wp-content\/uploads\/2025\/02\/PW37714.jpg\u00a0\u00bb alt=\u00a0\u00bbAtelier boutique poterie Saint-Pierreville\u00a0\u00bb title_text=\u00a0\u00bbComme un Volcan\u00a0\u00bb _builder_version=\u00a0\u00bb4.25.0&Prime; _module_preset=\u00a0\u00bbdefault\u00a0\u00bb global_colors_info=\u00a0\u00bb{}\u00a0\u00bb][\/et_pb_image][\/et_pb_column][\/et_pb_row][\/et_pb_section][et_pb_section fb_built=\u00a0\u00bb1&Prime; _builder_version=\u00a0\u00bb4.25.0&Prime; _module_preset=\u00a0\u00bbdefault\u00a0\u00bb background_color=\u00a0\u00bb#662700&Prime; custom_margin=\u00a0\u00bb40px||40px||false|false\u00a0\u00bb custom_padding=\u00a0\u00bb40px||40px||false|false\u00a0\u00bb top_divider_height=\u00a0\u00bb36px\u00a0\u00bb top_divider_repeat=\u00a0\u00bb1x\u00a0\u00bb global_colors_info=\u00a0\u00bb{}\u00a0\u00bb][et_pb_row _builder_version=\u00a0\u00bb4.25.0&Prime; _module_preset=\u00a0\u00bbdefault\u00a0\u00bb global_colors_info=\u00a0\u00bb{}\u00a0\u00bb][et_pb_column type=\u00a0\u00bb4_4&Prime; _builder_version=\u00a0\u00bb4.25.0&Prime; _module_preset=\u00a0\u00bbdefault\u00a0\u00bb global_colors_info=\u00a0\u00bb{}\u00a0\u00bb][et_pb_gallery gallery_ids=\u00a0\u00bb794,798,809,799,797,801,800,802,803,795,815,810&Prime; posts_number=\u00a0\u00bb12&Prime; orientation=\u00a0\u00bbportrait\u00a0\u00bb show_title_and_caption=\u00a0\u00bboff\u00a0\u00bb show_pagination=\u00a0\u00bboff\u00a0\u00bb _builder_version=\u00a0\u00bb4.25.0&Prime; _module_preset=\u00a0\u00bbdefault\u00a0\u00bb width=\u00a0\u00bb100%\u00a0\u00bb max_width=\u00a0\u00bb100%\u00a0\u00bb module_alignment=\u00a0\u00bbcenter\u00a0\u00bb custom_margin=\u00a0\u00bb0px||0px||false|false\u00a0\u00bb custom_padding=\u00a0\u00bb0px||0px||false|false\u00a0\u00bb animation_style=\u00a0\u00bbfade\u00a0\u00bb animation_duration=\u00a0\u00bb1250ms\u00a0\u00bb border_width_all_image=\u00a0\u00bb1px\u00a0\u00bb border_color_all_image=\u00a0\u00bb#000000&Prime; box_shadow_style_image=\u00a0\u00bbpreset3&Prime; global_colors_info=\u00a0\u00bb{}\u00a0\u00bb][\/et_pb_gallery][\/et_pb_column][\/et_pb_row][\/et_pb_section][et_pb_section fb_built=\u00a0\u00bb1&Prime; _builder_version=\u00a0\u00bb4.25.0&Prime; _module_preset=\u00a0\u00bbdefault\u00a0\u00bb background_color=\u00a0\u00bb#FFFFFF\u00a0\u00bb custom_margin=\u00a0\u00bb40px||40px||false|false\u00a0\u00bb custom_padding=\u00a0\u00bb40px||40px||false|false\u00a0\u00bb top_divider_height=\u00a0\u00bb36px\u00a0\u00bb top_divider_repeat=\u00a0\u00bb1x\u00a0\u00bb global_colors_info=\u00a0\u00bb{}\u00a0\u00bb][et_pb_row column_structure=\u00a0\u00bb1_2,1_2&Prime; _builder_version=\u00a0\u00bb4.25.0&Prime; _module_preset=\u00a0\u00bbdefault\u00a0\u00bb custom_margin=\u00a0\u00bb0px||0px||false|false\u00a0\u00bb custom_padding=\u00a0\u00bb0px||0px||false|false\u00a0\u00bb global_colors_info=\u00a0\u00bb{}\u00a0\u00bb][et_pb_column type=\u00a0\u00bb1_2&Prime; _builder_version=\u00a0\u00bb4.25.0&Prime; _module_preset=\u00a0\u00bbdefault\u00a0\u00bb global_colors_info=\u00a0\u00bb{}\u00a0\u00bb][et_pb_heading title=\u00a0\u00bbSe rencontrer\u00a0\u00bb _builder_version=\u00a0\u00bb4.25.0&Prime; _module_preset=\u00a0\u00bbdefault\u00a0\u00bb title_level=\u00a0\u00bbh3&Prime; title_font=\u00a0\u00bb|||on|||||\u00a0\u00bb title_text_align=\u00a0\u00bbleft\u00a0\u00bb title_text_color=\u00a0\u00bb#ef4f00&Prime; title_font_size=\u00a0\u00bb43px\u00a0\u00bb custom_margin=\u00a0\u00bb0px||0px||false|false\u00a0\u00bb custom_padding=\u00a0\u00bb0px||10px||false|false\u00a0\u00bb global_colors_info=\u00a0\u00bb{}\u00a0\u00bb][\/et_pb_heading][et_pb_heading title=\u00a0\u00bbOuverture de la boutique\u00a0\u00bb _builder_version=\u00a0\u00bb4.25.0&Prime; _module_preset=\u00a0\u00bbdefault\u00a0\u00bb title_text_color=\u00a0\u00bb#8e150c\u00a0\u00bb custom_margin=\u00a0\u00bb||6px|||\u00a0\u00bb global_colors_info=\u00a0\u00bb{}\u00a0\u00bb][\/et_pb_heading][et_pb_text _builder_version=\u00a0\u00bb4.25.0&Prime; _module_preset=\u00a0\u00bbdefault\u00a0\u00bb text_line_height=\u00a0\u00bb1.9em\u00a0\u00bb hover_enabled=\u00a0\u00bb0&Prime; global_colors_info=\u00a0\u00bb{}\u00a0\u00bb sticky_enabled=\u00a0\u00bb0&Prime;]<\/p>\n<p><strong><span style=\"font-size: x-large;\">Du 1er janvier au 28 mars<\/span><br \/><\/strong><strong>Dimanche<\/strong> de 10h \u00e0 12h30.<br \/>Autres jours sur rendez-vous.<\/p>\n<p><strong><span style=\"font-size: x-large;\">Du 1er arvril au 31 d\u00e9cembre<\/span><br \/><\/strong><strong>Vendredi et samedi<\/strong> \u00a0de 10h \u00e0 12h30 et de 17h \u00e0 19h.<br \/><strong>Dimanche<\/strong> de 10h \u00e0 12h30.<br \/>Autres jours sur rendez-vous.<\/p>\n<p>[\/et_pb_text][\/et_pb_column][et_pb_column type=\u00a0\u00bb1_2&Prime; _builder_version=\u00a0\u00bb4.25.0&Prime; _module_preset=\u00a0\u00bbdefault\u00a0\u00bb global_colors_info=\u00a0\u00bb{}\u00a0\u00bb][et_pb_image src=\u00a0\u00bbhttps:\/\/www.commeunvolcan.fr\/wp-content\/uploads\/2025\/04\/volcan-ceramique-poterie-ardeche-stage-boutique-atelier-46.jpg\u00a0\u00bb alt=\u00a0\u00bbAtelier boutique poterie Saint-Pierreville\u00a0\u00bb title_text=\u00a0\u00bbvolcan-ceramique-poterie-ardeche-stage-boutique-atelier-46&Prime; _builder_version=\u00a0\u00bb4.25.0&Prime; _module_preset=\u00a0\u00bbdefault\u00a0\u00bb global_colors_info=\u00a0\u00bb{}\u00a0\u00bb][\/et_pb_image][\/et_pb_column][\/et_pb_row][\/et_pb_section]<\/p>\n","protected":false},"excerpt":{"rendered":"<p>Notre boutique est un lieu ouvert sur la place du village et participe \u00e0 sa dynamique. En poussant la porte, vous d\u00e9couvrirez une belle diversit\u00e9 de c\u00e9ramiques de par le choix des argiles, la fa\u00e7on de la travailler,\u00a0 les parcours et les inspirations vari\u00e9s de chacune de nous. Le point commun \u00e9tant la pratique des [&hellip;]<\/p>\n","protected":false},"author":1,"featured_media":0,"parent":0,"menu_order":0,"comment_status":"closed","ping_status":"closed","template":"","meta":{"_et_pb_use_builder":"on","_et_pb_old_content":"","_et_gb_content_width":"","_themeisle_gutenberg_block_has_review":false,"footnotes":""},"class_list":["post-645","page","type-page","status-publish","hentry"],"_links":{"self":[{"href":"https:\/\/www.commeunvolcan.fr\/index.php\/wp-json\/wp\/v2\/pages\/645","targetHints":{"allow":["GET"]}}],"collection":[{"href":"https:\/\/www.commeunvolcan.fr\/index.php\/wp-json\/wp\/v2\/pages"}],"about":[{"href":"https:\/\/www.commeunvolcan.fr\/index.php\/wp-json\/wp\/v2\/types\/page"}],"author":[{"embeddable":true,"href":"https:\/\/www.commeunvolcan.fr\/index.php\/wp-json\/wp\/v2\/users\/1"}],"replies":[{"embeddable":true,"href":"https:\/\/www.commeunvolcan.fr\/index.php\/wp-json\/wp\/v2\/comments?post=645"}],"version-history":[{"count":11,"href":"https:\/\/www.commeunvolcan.fr\/index.php\/wp-json\/wp\/v2\/pages\/645\/revisions"}],"predecessor-version":[{"id":1040,"href":"https:\/\/www.commeunvolcan.fr\/index.php\/wp-json\/wp\/v2\/pages\/645\/revisions\/1040"}],"wp:attachment":[{"href":"https:\/\/www.commeunvolcan.fr\/index.php\/wp-json\/wp\/v2\/media?parent=645"}],"curies":[{"name":"wp","href":"https:\/\/api.w.org\/{rel}","templated":true}]}}

<p>[et_pb_section fb_built= »1&Prime; fullwidth= »on » _builder_version= »4.25.0&Prime; _module_preset= »default » custom_margin= »0px||0px||false|false » custom_padding= »0px||0px||false|false » global_colors_info= »{} »][et_pb_fullwidth_image src= »https://www.commeunvolcan.fr/wp-content/uploads/2025/04/volcan-ceramique-poterie-ardeche-stage-boutique-atelier-48.jpg » alt= »Boutique poterie céramique Ardèche » title_text= »volcan-ceramique-poterie-ardeche-stage-boutique-atelier-48&Prime; _builder_version= »4.25.0&Prime; _module_preset= »default » global_colors_info= »{} »][/et_pb_fullwidth_image][/et_pb_section][et_pb_section fb_built= »1&Prime; _builder_version= »4.25.0&Prime; _module_preset= »default » background_color= »#FFFFFF » custom_margin= »40px||40px||false|false » custom_padding= »40px||40px||false|false » top_divider_height= »36px » top_divider_repeat= »1x » global_colors_info= »{} »][et_pb_row column_structure= »1_2,1_2&Prime; _builder_version= »4.25.0&Prime; _module_preset= »default » custom_margin= »0px||0px||false|false » custom_padding= »0px||0px||false|false » global_colors_info= »{} »][et_pb_column type= »1_2&Prime; _builder_version= »4.25.0&Prime; _module_preset= »default » global_colors_info= »{} »][et_pb_heading title= »La Boutique » _builder_version= »4.25.0&Prime; _module_preset= »default » title_level= »h3&Prime; title_font= »|||on||||| » title_text_align= »left » title_text_color= »#ef4f00&Prime; title_font_size= »43px » custom_margin= »0px||0px||false|false » custom_padding= »0px||10px||false|false » global_colors_info= »{} »][/et_pb_heading][et_pb_heading title= »Des trésors à découvrir ! » _builder_version= »4.25.0&Prime; _module_preset= »default » title_text_color= »#8e150c » custom_margin= »||6px||| » global_colors_info= »{} »][/et_pb_heading][et_pb_text _builder_version= »4.25.0&Prime; _module_preset= »default » text_line_height= »1.9em » custom_padding= »||0px||| » global_colors_info= »{} »]</p>
<p><span style="font-weight: 400;">Notre boutique est un lieu ouvert sur la place du village et participe à sa dynamique.</span></p>
<p><span style="font-weight: 400;">En poussant la porte, vous découvrirez une belle diversité de céramiques de par le choix des argiles, la façon de la travailler,  les parcours et les inspirations variés de chacune de nous.</span></p>
<p><span style="font-weight: 400;">Le point commun étant la pratique des cuissons à haute température, nous vous proposons des céramiques en  grès ou en porcelaine, utilitaires ou décoratives, pour l’habitat et les jardins.</span></p>
<p><span style="font-weight: 400;">Le mobilier d’exposition en bois </span><span style="font-weight: 400;">et les éclairages mettent </span><span style="font-weight: 400;">en valeur nos collections aux identités singulières. Depuis la baie vitrée qui sépare la boutique de l’atelier, l’espace de fabrication est visible, ce qui vous permet d’avoir un aperçu des pièces en cours de fabrication.</span></p>
<p>[/et_pb_text][/et_pb_column][et_pb_column type= »1_2&Prime; _builder_version= »4.25.0&Prime; _module_preset= »default » global_colors_info= »{} »][et_pb_image src= »https://www.commeunvolcan.fr/wp-content/uploads/2025/02/PW37714.jpg » alt= »Atelier boutique poterie Saint-Pierreville » title_text= »Comme un Volcan » _builder_version= »4.25.0&Prime; _module_preset= »default » global_colors_info= »{} »][/et_pb_image][/et_pb_column][/et_pb_row][/et_pb_section][et_pb_section fb_built= »1&Prime; _builder_version= »4.25.0&Prime; _module_preset= »default » background_color= »#662700&Prime; custom_margin= »40px||40px||false|false » custom_padding= »40px||40px||false|false » top_divider_height= »36px » top_divider_repeat= »1x » global_colors_info= »{} »][et_pb_row _builder_version= »4.25.0&Prime; _module_preset= »default » global_colors_info= »{} »][et_pb_column type= »4_4&Prime; _builder_version= »4.25.0&Prime; _module_preset= »default » global_colors_info= »{} »][et_pb_gallery gallery_ids= »794,798,809,799,797,801,800,802,803,795,815,810&Prime; posts_number= »12&Prime; orientation= »portrait » show_title_and_caption= »off » show_pagination= »off » _builder_version= »4.25.0&Prime; _module_preset= »default » width= »100% » max_width= »100% » module_alignment= »center » custom_margin= »0px||0px||false|false » custom_padding= »0px||0px||false|false » animation_style= »fade » animation_duration= »1250ms » border_width_all_image= »1px » border_color_all_image= »#000000&Prime; box_shadow_style_image= »preset3&Prime; global_colors_info= »{} »][/et_pb_gallery][/et_pb_column][/et_pb_row][/et_pb_section][et_pb_section fb_built= »1&Prime; _builder_version= »4.25.0&Prime; _module_preset= »default » background_color= »#FFFFFF » custom_margin= »40px||40px||false|false » custom_padding= »40px||40px||false|false » top_divider_height= »36px » top_divider_repeat= »1x » global_colors_info= »{} »][et_pb_row column_structure= »1_2,1_2&Prime; _builder_version= »4.25.0&Prime; _module_preset= »default » custom_margin= »0px||0px||false|false » custom_padding= »0px||0px||false|false » global_colors_info= »{} »][et_pb_column type= »1_2&Prime; _builder_version= »4.25.0&Prime; _module_preset= »default » global_colors_info= »{} »][et_pb_heading title= »Se rencontrer » _builder_version= »4.25.0&Prime; _module_preset= »default » title_level= »h3&Prime; title_font= »|||on||||| » title_text_align= »left » title_text_color= »#ef4f00&Prime; title_font_size= »43px » custom_margin= »0px||0px||false|false » custom_padding= »0px||10px||false|false » global_colors_info= »{} »][/et_pb_heading][et_pb_heading title= »Ouverture de la boutique » _builder_version= »4.25.0&Prime; _module_preset= »default » title_text_color= »#8e150c » custom_margin= »||6px||| » global_colors_info= »{} »][/et_pb_heading][et_pb_text _builder_version= »4.25.0&Prime; _module_preset= »default » text_line_height= »1.9em » hover_enabled= »0&Prime; global_colors_info= »{} » sticky_enabled= »0&Prime;]</p>
<p><strong><span style="font-size: x-large;">Du 1er janvier au 28 mars</span><br /></strong><strong>Dimanche</strong> de 10h à 12h30.<br />Autres jours sur rendez-vous.</p>
<p><strong><span style="font-size: x-large;">Du 1er arvril au 31 décembre</span><br /></strong><strong>Vendredi et samedi</strong>  de 10h à 12h30 et de 17h à 19h.<br /><strong>Dimanche</strong> de 10h à 12h30.<br />Autres jours sur rendez-vous.</p>
<p>[/et_pb_text][/et_pb_column][et_pb_column type= »1_2&Prime; _builder_version= »4.25.0&Prime; _module_preset= »default » global_colors_info= »{} »][et_pb_image src= »https://www.commeunvolcan.fr/wp-content/uploads/2025/04/volcan-ceramique-poterie-ardeche-stage-boutique-atelier-46.jpg » alt= »Atelier boutique poterie Saint-Pierreville » title_text= »volcan-ceramique-poterie-ardeche-stage-boutique-atelier-46&Prime; _builder_version= »4.25.0&Prime; _module_preset= »default » global_colors_info= »{} »][/et_pb_image][/et_pb_column][/et_pb_row][/et_pb_section]</p>

<p>Notre boutique est un lieu ouvert sur la place du village et participe à sa dynamique. En poussant la porte, vous découvrirez une belle diversité de céramiques de par le choix des argiles, la façon de la travailler,  les parcours et les inspirations variés de chacune de nous. Le point commun étant la pratique des [&hellip;]</p>
