{"id":640,"date":"2025-02-23T16:02:39","date_gmt":"2025-02-23T15:02:39","guid":{"rendered":"https:\/\/www.commeunvolcan.fr\/?page_id=640"},"modified":"2025-05-06T17:28:39","modified_gmt":"2025-05-06T15:28:39","slug":"latelier","status":"publish","type":"page","link":"https:\/\/www.commeunvolcan.fr\/index.php\/latelier\/","title":{"rendered":"L&rsquo;atelier"},"content":{"rendered":"<p>[et_pb_section fb_built=\u00a0\u00bb1&Prime; fullwidth=\u00a0\u00bbon\u00a0\u00bb _builder_version=\u00a0\u00bb4.25.0&Prime; _module_preset=\u00a0\u00bbdefault\u00a0\u00bb global_colors_info=\u00a0\u00bb{}\u00a0\u00bb][et_pb_fullwidth_image src=\u00a0\u00bbhttps:\/\/www.commeunvolcan.fr\/wp-content\/uploads\/2025\/04\/volcan-ceramique-poterie-ardeche-stage-boutique-atelier-53.jpg\u00a0\u00bb alt=\u00a0\u00bbAtelier poterie c\u00e9ramique Ard\u00e8che Saint-Pierreville\u00a0\u00bb title_text=\u00a0\u00bbvolcan-ceramique-poterie-ardeche-stage-boutique-atelier-53&Prime; _builder_version=\u00a0\u00bb4.25.0&Prime; _module_preset=\u00a0\u00bbdefault\u00a0\u00bb global_colors_info=\u00a0\u00bb{}\u00a0\u00bb][\/et_pb_fullwidth_image][\/et_pb_section][et_pb_section fb_built=\u00a0\u00bb1&Prime; _builder_version=\u00a0\u00bb4.25.0&Prime; _module_preset=\u00a0\u00bbdefault\u00a0\u00bb background_color=\u00a0\u00bb#FFFFFF\u00a0\u00bb custom_margin=\u00a0\u00bb40px||40px||false|false\u00a0\u00bb custom_padding=\u00a0\u00bb40px||40px||false|false\u00a0\u00bb top_divider_height=\u00a0\u00bb36px\u00a0\u00bb top_divider_repeat=\u00a0\u00bb1x\u00a0\u00bb locked=\u00a0\u00bboff\u00a0\u00bb global_colors_info=\u00a0\u00bb{}\u00a0\u00bb][et_pb_row column_structure=\u00a0\u00bb1_2,1_2&Prime; _builder_version=\u00a0\u00bb4.25.0&Prime; _module_preset=\u00a0\u00bbdefault\u00a0\u00bb custom_margin=\u00a0\u00bb0px||0px||false|false\u00a0\u00bb custom_padding=\u00a0\u00bb0px||0px||false|false\u00a0\u00bb global_colors_info=\u00a0\u00bb{}\u00a0\u00bb][et_pb_column type=\u00a0\u00bb1_2&Prime; _builder_version=\u00a0\u00bb4.25.0&Prime; _module_preset=\u00a0\u00bbdefault\u00a0\u00bb global_colors_info=\u00a0\u00bb{}\u00a0\u00bb][et_pb_heading title=\u00a0\u00bbL&rsquo;atelier\u00a0\u00bb _builder_version=\u00a0\u00bb4.25.0&Prime; _module_preset=\u00a0\u00bbdefault\u00a0\u00bb title_font=\u00a0\u00bb|||on|||||\u00a0\u00bb title_text_align=\u00a0\u00bbleft\u00a0\u00bb title_text_color=\u00a0\u00bb#ef4f00&Prime; title_font_size=\u00a0\u00bb43px\u00a0\u00bb custom_margin=\u00a0\u00bb0px||0px||false|false\u00a0\u00bb custom_padding=\u00a0\u00bb0px||10px||false|false\u00a0\u00bb global_colors_info=\u00a0\u00bb{}\u00a0\u00bb][\/et_pb_heading][et_pb_heading title=\u00a0\u00bbUn espace partag\u00e9 !\u00a0\u00bb _builder_version=\u00a0\u00bb4.25.0&Prime; _module_preset=\u00a0\u00bbdefault\u00a0\u00bb title_level=\u00a0\u00bbh2&Prime; title_text_color=\u00a0\u00bb#8e150c\u00a0\u00bb custom_margin=\u00a0\u00bb||6px|||\u00a0\u00bb global_colors_info=\u00a0\u00bb{}\u00a0\u00bb][\/et_pb_heading][et_pb_text _builder_version=\u00a0\u00bb4.25.0&Prime; _module_preset=\u00a0\u00bbdefault\u00a0\u00bb text_line_height=\u00a0\u00bb1.9em\u00a0\u00bb custom_padding=\u00a0\u00bb||0px|||\u00a0\u00bb global_colors_info=\u00a0\u00bb{}\u00a0\u00bb]<\/p>\n<p><span style=\"font-weight: 400;\">Nous partageons un espace de travail visible depuis la boutique.\u00a0 Compos\u00e9 de plusieurs tours, de tables bien dimensionn\u00e9es, de s\u00e9choirs o\u00f9 sont pos\u00e9es les pi\u00e8ces en cours de fabrication et d\u2019une salle de cuisson, l&rsquo;atelier partag\u00e9 est bien agenc\u00e9 et fonctionnel. Le travail \u00e0 deux et parfois\u00a0 \u00e0 trois se d\u00e9roule de mani\u00e8re fluide et confortable.<\/span><\/p>\n<p><span style=\"font-weight: 400;\">Travailler ensemble dans l\u2019entraide et la mutualisation favorise une dynamique cr\u00e9ative nourrie de l\u2019exp\u00e9rience singuli\u00e8re de chacune.<\/span><\/p>\n<p><span style=\"font-weight: 400;\">Parall\u00e8lement \u00e0 nos productions respectives, nous d\u00e9veloppons une production commune. C\u2019est pour nous l\u2019occasion de vivre le \u00ab faire ensemble \u00bb, et de se rappeler que le m\u00e9tier de potier s\u2019est pendant longtemps exerc\u00e9 au sein de petites fabriques qui ont fait de la c\u00e9ramique un art populaire au service du quotidien.<\/span><\/p>\n<p>[\/et_pb_text][\/et_pb_column][et_pb_column type=\u00a0\u00bb1_2&Prime; _builder_version=\u00a0\u00bb4.25.0&Prime; _module_preset=\u00a0\u00bbdefault\u00a0\u00bb global_colors_info=\u00a0\u00bb{}\u00a0\u00bb][et_pb_image src=\u00a0\u00bbhttps:\/\/www.commeunvolcan.fr\/wp-content\/uploads\/2025\/04\/volcan-ceramique-poterie-ardeche-stage-boutique-atelier-54.jpg\u00a0\u00bb alt=\u00a0\u00bbAtelier de cr\u00e9ation c\u00e9ramique Ard\u00e8che Saint-Pierreville\u00a0\u00bb title_text=\u00a0\u00bbvolcan-ceramique-poterie-ardeche-stage-boutique-atelier-54&Prime; _builder_version=\u00a0\u00bb4.25.0&Prime; _module_preset=\u00a0\u00bbdefault\u00a0\u00bb global_colors_info=\u00a0\u00bb{}\u00a0\u00bb][\/et_pb_image][\/et_pb_column][\/et_pb_row][\/et_pb_section][et_pb_section fb_built=\u00a0\u00bb1&Prime; _builder_version=\u00a0\u00bb4.25.0&Prime; _module_preset=\u00a0\u00bbdefault\u00a0\u00bb background_color=\u00a0\u00bb#662700&Prime; custom_margin=\u00a0\u00bb40px||40px||false|false\u00a0\u00bb custom_padding=\u00a0\u00bb40px||40px||false|false\u00a0\u00bb top_divider_height=\u00a0\u00bb36px\u00a0\u00bb top_divider_repeat=\u00a0\u00bb1x\u00a0\u00bb locked=\u00a0\u00bboff\u00a0\u00bb global_colors_info=\u00a0\u00bb{}\u00a0\u00bb][et_pb_row _builder_version=\u00a0\u00bb4.25.0&Prime; _module_preset=\u00a0\u00bbdefault\u00a0\u00bb global_colors_info=\u00a0\u00bb{}\u00a0\u00bb][et_pb_column type=\u00a0\u00bb4_4&Prime; _builder_version=\u00a0\u00bb4.25.0&Prime; _module_preset=\u00a0\u00bbdefault\u00a0\u00bb global_colors_info=\u00a0\u00bb{}\u00a0\u00bb][et_pb_gallery gallery_ids=\u00a0\u00bb857,855,851,850,854,852,856,853&Prime; posts_number=\u00a0\u00bb8&Prime; orientation=\u00a0\u00bbportrait\u00a0\u00bb show_title_and_caption=\u00a0\u00bboff\u00a0\u00bb show_pagination=\u00a0\u00bboff\u00a0\u00bb _builder_version=\u00a0\u00bb4.25.0&Prime; _module_preset=\u00a0\u00bbdefault\u00a0\u00bb width=\u00a0\u00bb100%\u00a0\u00bb max_width=\u00a0\u00bb100%\u00a0\u00bb module_alignment=\u00a0\u00bbcenter\u00a0\u00bb custom_margin=\u00a0\u00bb0px||0px||false|false\u00a0\u00bb custom_padding=\u00a0\u00bb0px||0px||false|false\u00a0\u00bb animation_style=\u00a0\u00bbfade\u00a0\u00bb animation_duration=\u00a0\u00bb1250ms\u00a0\u00bb border_width_all_image=\u00a0\u00bb1px\u00a0\u00bb border_color_all_image=\u00a0\u00bb#000000&Prime; box_shadow_style_image=\u00a0\u00bbpreset3&Prime; global_colors_info=\u00a0\u00bb{}\u00a0\u00bb][\/et_pb_gallery][\/et_pb_column][\/et_pb_row][\/et_pb_section]<\/p>\n","protected":false},"excerpt":{"rendered":"<p>Nous partageons un espace de travail visible depuis la boutique.\u00a0 Compos\u00e9 de plusieurs tours, de tables bien dimensionn\u00e9es, de s\u00e9choirs o\u00f9 sont pos\u00e9es les pi\u00e8ces en cours de fabrication et d\u2019une salle de cuisson, l&rsquo;atelier partag\u00e9 est bien agenc\u00e9 et fonctionnel. Le travail \u00e0 deux et parfois\u00a0 \u00e0 trois se d\u00e9roule de mani\u00e8re fluide et [&hellip;]<\/p>\n","protected":false},"author":1,"featured_media":0,"parent":0,"menu_order":0,"comment_status":"closed","ping_status":"closed","template":"","meta":{"_et_pb_use_builder":"on","_et_pb_old_content":"","_et_gb_content_width":"","_themeisle_gutenberg_block_has_review":false,"footnotes":""},"class_list":["post-640","page","type-page","status-publish","hentry"],"_links":{"self":[{"href":"https:\/\/www.commeunvolcan.fr\/index.php\/wp-json\/wp\/v2\/pages\/640","targetHints":{"allow":["GET"]}}],"collection":[{"href":"https:\/\/www.commeunvolcan.fr\/index.php\/wp-json\/wp\/v2\/pages"}],"about":[{"href":"https:\/\/www.commeunvolcan.fr\/index.php\/wp-json\/wp\/v2\/types\/page"}],"author":[{"embeddable":true,"href":"https:\/\/www.commeunvolcan.fr\/index.php\/wp-json\/wp\/v2\/users\/1"}],"replies":[{"embeddable":true,"href":"https:\/\/www.commeunvolcan.fr\/index.php\/wp-json\/wp\/v2\/comments?post=640"}],"version-history":[{"count":11,"href":"https:\/\/www.commeunvolcan.fr\/index.php\/wp-json\/wp\/v2\/pages\/640\/revisions"}],"predecessor-version":[{"id":897,"href":"https:\/\/www.commeunvolcan.fr\/index.php\/wp-json\/wp\/v2\/pages\/640\/revisions\/897"}],"wp:attachment":[{"href":"https:\/\/www.commeunvolcan.fr\/index.php\/wp-json\/wp\/v2\/media?parent=640"}],"curies":[{"name":"wp","href":"https:\/\/api.w.org\/{rel}","templated":true}]}}

<p>[et_pb_section fb_built= »1&Prime; fullwidth= »on » _builder_version= »4.25.0&Prime; _module_preset= »default » global_colors_info= »{} »][et_pb_fullwidth_image src= »https://www.commeunvolcan.fr/wp-content/uploads/2025/04/volcan-ceramique-poterie-ardeche-stage-boutique-atelier-53.jpg » alt= »Atelier poterie céramique Ardèche Saint-Pierreville » title_text= »volcan-ceramique-poterie-ardeche-stage-boutique-atelier-53&Prime; _builder_version= »4.25.0&Prime; _module_preset= »default » global_colors_info= »{} »][/et_pb_fullwidth_image][/et_pb_section][et_pb_section fb_built= »1&Prime; _builder_version= »4.25.0&Prime; _module_preset= »default » background_color= »#FFFFFF » custom_margin= »40px||40px||false|false » custom_padding= »40px||40px||false|false » top_divider_height= »36px » top_divider_repeat= »1x » locked= »off » global_colors_info= »{} »][et_pb_row column_structure= »1_2,1_2&Prime; _builder_version= »4.25.0&Prime; _module_preset= »default » custom_margin= »0px||0px||false|false » custom_padding= »0px||0px||false|false » global_colors_info= »{} »][et_pb_column type= »1_2&Prime; _builder_version= »4.25.0&Prime; _module_preset= »default » global_colors_info= »{} »][et_pb_heading title= »L&rsquo;atelier » _builder_version= »4.25.0&Prime; _module_preset= »default » title_font= »|||on||||| » title_text_align= »left » title_text_color= »#ef4f00&Prime; title_font_size= »43px » custom_margin= »0px||0px||false|false » custom_padding= »0px||10px||false|false » global_colors_info= »{} »][/et_pb_heading][et_pb_heading title= »Un espace partagé ! » _builder_version= »4.25.0&Prime; _module_preset= »default » title_level= »h2&Prime; title_text_color= »#8e150c » custom_margin= »||6px||| » global_colors_info= »{} »][/et_pb_heading][et_pb_text _builder_version= »4.25.0&Prime; _module_preset= »default » text_line_height= »1.9em » custom_padding= »||0px||| » global_colors_info= »{} »]</p>
<p><span style="font-weight: 400;">Nous partageons un espace de travail visible depuis la boutique.  Composé de plusieurs tours, de tables bien dimensionnées, de séchoirs où sont posées les pièces en cours de fabrication et d’une salle de cuisson, l&rsquo;atelier partagé est bien agencé et fonctionnel. Le travail à deux et parfois  à trois se déroule de manière fluide et confortable.</span></p>
<p><span style="font-weight: 400;">Travailler ensemble dans l’entraide et la mutualisation favorise une dynamique créative nourrie de l’expérience singulière de chacune.</span></p>
<p><span style="font-weight: 400;">Parallèlement à nos productions respectives, nous développons une production commune. C’est pour nous l’occasion de vivre le « faire ensemble », et de se rappeler que le métier de potier s’est pendant longtemps exercé au sein de petites fabriques qui ont fait de la céramique un art populaire au service du quotidien.</span></p>
<p>[/et_pb_text][/et_pb_column][et_pb_column type= »1_2&Prime; _builder_version= »4.25.0&Prime; _module_preset= »default » global_colors_info= »{} »][et_pb_image src= »https://www.commeunvolcan.fr/wp-content/uploads/2025/04/volcan-ceramique-poterie-ardeche-stage-boutique-atelier-54.jpg » alt= »Atelier de création céramique Ardèche Saint-Pierreville » title_text= »volcan-ceramique-poterie-ardeche-stage-boutique-atelier-54&Prime; _builder_version= »4.25.0&Prime; _module_preset= »default » global_colors_info= »{} »][/et_pb_image][/et_pb_column][/et_pb_row][/et_pb_section][et_pb_section fb_built= »1&Prime; _builder_version= »4.25.0&Prime; _module_preset= »default » background_color= »#662700&Prime; custom_margin= »40px||40px||false|false » custom_padding= »40px||40px||false|false » top_divider_height= »36px » top_divider_repeat= »1x » locked= »off » global_colors_info= »{} »][et_pb_row _builder_version= »4.25.0&Prime; _module_preset= »default » global_colors_info= »{} »][et_pb_column type= »4_4&Prime; _builder_version= »4.25.0&Prime; _module_preset= »default » global_colors_info= »{} »][et_pb_gallery gallery_ids= »857,855,851,850,854,852,856,853&Prime; posts_number= »8&Prime; orientation= »portrait » show_title_and_caption= »off » show_pagination= »off » _builder_version= »4.25.0&Prime; _module_preset= »default » width= »100% » max_width= »100% » module_alignment= »center » custom_margin= »0px||0px||false|false » custom_padding= »0px||0px||false|false » animation_style= »fade » animation_duration= »1250ms » border_width_all_image= »1px » border_color_all_image= »#000000&Prime; box_shadow_style_image= »preset3&Prime; global_colors_info= »{} »][/et_pb_gallery][/et_pb_column][/et_pb_row][/et_pb_section]</p>

<p>Nous partageons un espace de travail visible depuis la boutique.  Composé de plusieurs tours, de tables bien dimensionnées, de séchoirs où sont posées les pièces en cours de fabrication et d’une salle de cuisson, l&rsquo;atelier partagé est bien agencé et fonctionnel. Le travail à deux et parfois  à trois se déroule de manière fluide et [&hellip;]</p>
